NOAA Reports/Αναφορές NOAA

Select a Year or Month report
2017 > Jan Feb Mar Apr May Jun Jul Aug Sep Oct Nov Dec
2016 > Jan Feb Mar Apr May Jun Jul Aug Sep Oct Nov Dec

Report for 2017 09
                   MONTHLY CLIMATOLOGICAL SUMMARY for SEP. 2017

NAME: Arkalohori   CITY: Arkalohori   STATE: Greece 
ELEV:   395 m  LAT:  35 06' 00" N  LONG:  25 12' 00" E

                   TEMPERATURE (C), RAIN  (mm), WIND SPEED (km/hr)

                                      HEAT  COOL        AVG
    MEAN                              DEG   DEG         WIND                 DOM
DAY TEMP  HIGH   TIME   LOW    TIME   DAYS  DAYS  RAIN  SPEED HIGH   TIME    DIR
------------------------------------------------------------------------------------
 1
 2
 3
 4
 5
 6  17.6  20.1   20:00  16.2   00:00   0.2   0.0   0.0   2.9  14.5   20:00     N
 7  20.5  26.3   16:00  14.8   00:00   0.6   2.9   0.0  10.1  33.8   12:40   NNE
 8  21.2  29.2   14:40  11.6    7:20   1.5   4.4   0.0   3.9  27.4   16:00   NNE
 9  23.0  32.0   14:30  14.1    5:30   0.9   5.7   0.0   4.0  29.0   15:30   SSE
10  25.7  34.1   16:20  17.8    4:30   0.0   7.4   0.0   6.4  37.0   15:20   SSE
11  27.8  35.7   13:20  19.5    6:50   0.0   9.1   0.0   8.5  33.8   14:50   SSE
12  25.4  32.0   13:00  18.2   00:00   0.0   7.1   0.0   5.1  22.5   15:00   NNE
13  21.6  28.1   13:30  14.3    7:00   0.8   4.1   0.0   7.7  30.6   14:20   NNE
14  23.3  28.9   15:00  17.2    6:40   0.1   5.0   0.0   9.3  35.4   11:40   NNE
15  22.3  29.6   14:00  16.3    6:20   0.4   4.4   0.0   6.0  30.6   15:30   NNE
16  22.9  29.6   15:20  17.2    6:30   0.1   4.7   0.2   8.5  30.6   11:30   NNE
17  23.3  29.6   14:00  17.3    3:40   0.0   5.1   0.0  10.5  32.2   12:30   NNE
18  26.4  33.8   14:20  20.1    7:40   0.0   8.1   0.0   8.4  29.0   10:00   NNE
19  27.0  36.9   13:50  18.3    5:10   0.0   8.7   0.0   4.0  24.1   12:10   NNE
20  26.2  34.6   12:00  16.4    4:50   0.1   8.0   0.0   7.6  33.8   12:20   SSE
21  21.9  26.6   13:30  17.2   23:40   0.0   3.6   0.0   8.4  33.8   13:40   NNE
22  19.8  23.9   13:10  14.9   23:30   0.4   1.9   0.0  10.5  37.0   16:40   NNE
23  13.8  15.1    0:10  12.6    3:40   0.9   0.0   0.0   0.0   6.4    1:30    NW
24
25
26
27
28
29
30
-------------------------------------------------------------------------------------
    22.8  36.9    19    11.6     8     6.2  90.1   0.2   6.8  37.0    10     NNE

Max >=  32.0:  7
Max <=   0.0:  0
Min <=   0.0:  0
Min <= -18.0:  0
Max Rain: 0.20 ON 16/09/17
Days of Rain: 1 (> .2 mm) 0 (> 2 mm) 0 (> 20 mm)
Heat Base:  18.3  Cool Base:  18.3  Method: Integration